2.
-4
What is 2 - (5 - (8 + (-3 - -1)))?
3
-20 - (4 - (-2 + 4 + 10 + -4))
-16
Calculate 4 + (1 - 8) + 9 + 15 - -7.
28
What is the value of -12 + (11 + -20 - -13)?
-8
Calculate 18 + -1 + (25 - 16) + -11 - 4.
11
What is the value of (20 - 20) + (-24 - -11)?
-13
-11 + 8 + (-3 - 5 - -6) + 3
-2
Calculate (-140 - -147) + (4 - (-2 - -1)).
12
Calculate 8 + (-7 - (2 - -15)) - -14.
-2
(-5 - 11 - -23) + -14
-7
Evaluate 12 - (15 + (7 - -6)).
-16
What is (2 - (-12 - 1)) + (-243 - -240)?
12
(-11 - (-8 - -16)) + (1 - -4) + 3
-11
Evaluate 2 + 3 + (-1 - 0) - (-1 - -7).
-2
What is -10 + -7 + 14 + -9 + -4?
-16
What is the value of (-39 + 44 - (11 + 2)) + -10?
-18
What is (-14 - -104) + -23 - 37?
30
What is 7 + -18 + (13 - 14)?
-12
What is the value of 18 + 11 + -44 + 15?
0
What is -2 + (13 - 5) + -10 - (-1 + 7)?
-10
What is -39 - -75 - (14 + -2)?
24
What is the value of 9 + -12 + 36 + -15 + 0?
18
-18 + 0 - (590 - 618)
10
Calculate -14 + (10 - 16) - -6.
-14
Evaluate -4 - 1 - ((-1 - -26) + -127 + 114).
-17
What is -6 + 4 - ((2 - 2) + (20 - 20))?
-2
Calculate 3 - (-3 - (-8 + 11 + 7)).
16
Calculate -10 + -9 + 24 - -11.
16
8 - (-17 + 8 - -35 - 11)
-7
What is -7 + 18 - (3 + 37) - 4?
-33
32 - (25 - (11 + 3)) - (2 - -3)
16
Evaluate 6 + -13 + -9 - (-3 + -4 + 6).
-15
What is -1 + -4 - (21 - 51 - -32)?
-7
23 + -21 + -8 + -5
-11
Calculate (-2 - (-3 - 0)) + (-224 - -249).
26
5 + -7 + 14 + -9
3
(-20 - (-8 - ((-17 - -8) + 9))) + 9
-3
Evaluate (2 - -4 - (-7 + 20)) + 6.
-1
What is the value of 3 - (3 + -3) - (-7 - (-4 + -6))?
0
What is the value of -4 - (-12 + (1 - (2 - -3 - 9)))?
3
What is the value of -4 + (6 - (-2 - -5 - 1) - 12)?
-12
Evaluate -3 + 3 + (3 - -15).
18
What is (9 - (-2 + 4)) + (2 - 20) + 18?
7
What is -6 + (-3 - -12) + 4 + 0?
7
Calculate 6 + -13 + (41 - 16).
18
Calculate -3 + (-18 - 1) - (-18 - -9).
-13
What is (10 - -28) + (-115 - -55)?
-22
Calculate 2 + 8 + -11 + 9.
8
Evaluate (-2 - -108) + -29 - 41.
36
Evaluate 4389 - 4385 - (1 - -1 - (-23 + 3)).
-18
Calculate 30 + -47 - (-1 - -3).
-19
What is -19 + -1 - (-4 + (-12 - -30) - 14)?
-20
What is 12 + (24 - (-2 + 10 + 5))?
23
(-18 + 38 - 18) + 0
2
Evaluate -7 + -5 - (9 + -4 + -3).
-14
-3 + -15 + 21 + -6 + -16
-19
What is the value of -12 - (2 - -5 - 13 - -4) - -7?
-3
What is 0 - (0 - -8 - ((1 - 2) + -1))?
-10
Calculate (-6 - -5) + (0 - (0 - -4) - -6).
1
What is the value of -18 - (25 - (38 + -15))?
-20
(18 - (-23 + 54)) + -10
-23
Calculate 7 - -6 - 6 - (-2 - -8).
1
0 - (2 - -1) - (20 + (-7 - 14))
-2
Evaluate (-10 - -12) + (7 - (7 + -4)) + -4.
2
What is the value of -7 + -3 + 6 + (18 - 18) + -4?
-8
What is the value of 5 - 1 - (50 - 34)?
-12
Evaluate -2 + (0 - (3 - 4)) + (-3 - -5).
1
15 + 0 + (11 - 6 - 13) + -26
-19
Calculate 51 + -59 + (-10 + 5 - -2).
-11
Evaluate (-9 + 0 + 1 - (776 - 745)) + 6.
-33
What is (-2 - 15) + 78 + -66?
-5
20 - 29 - (1 - 8)
-2
What is 0 + -2 + 5 - (11 - (-2 + 13))?
3
Calculate -4 - ((4 - -5 - -1) + -9).
-5
-29 - -32 - (-1 - -4)
0
-853 - -868 - (0 + -19)
34
What is -16 + 22 + -32 - -54?
28
What is 0 + 3 + -7 - (-80 + 69)?
7
-30 - (20 + -6 + -31)
-13
What is -8 - ((10 - 22) + 1)?
3
Calculate -24 - (-1 - -1) - (-247 + 251).
-28
Evaluate 6 - (-16 + 12 + 3 + -2 + 18).
-9
What is the value of -9 + (77 - 45) + -59?
-36
Calculate (-6 - -1) + 4 + 19 + -22.
-4
Evaluate 8 + -19 + 7 - (-28 + 4).
20
What is (15 - 4 - (1 - (0 - 2))) + -4?
4
-31 - (4 + -11 - (16 - 20)) - 0
-28
Evaluate -14 + 0 + (6 - -19) - 6.
5
What is 13 - -9 - ((-4 - 1) + 13)?
14
Evaluate 2 - -1 - (1175 - 1195).
23
Calculate 0 + 25 + -18 - (3 - 10).
14
What is the value of -3 + (-7 - -3) + 12?
5
-17 - (20 + -30) - (-3 + 4 - 12)
4
Evaluate 15 - (6 - -28 - 22).
3
-17 + 33 + (-13 - (-1 - 3))
7
What is (3 - (6 - 1)) + -6 + (20 - -6)?
18
31 + -41 - ((1 - -3) + -2 + 0)
-12
What is 7 - ((7 - 7) + 0) - 20?
-13
Calculate (6 - (-1 + -1)) + -12 + (14 - 3).
7
What is the value of -105 + (24 - -66) + -1 + 4 + -1?
-13
What is the value of -1 - (27 + -2 + -11) - (-1 - 3)?
-11
Evaluate 34 - 8 - 40 - -13.
-1
(-1792 - -1767) + (-7 - 1)
-33
What is the value of (-6 - (12 + -31)) + -31?
-18
Evaluate -2 - (9 - -15) - -17.
-9
What is 11 - (-7 - (15 + -8)) - 8?
17
Calculate 34 + 16 + -19 + -24.
7
29 + -30 - (2 + 0) - (15 - 21)
3
-14 + (0 - 0 - (-11 + 4))
-7
What is the value of (11 - 20) + (-2 + -1 + -3 - 1)?
-16
What is the value of -10 + (-26 - -25) + 15?
4
Evaluate (-12 - 16 - -6) + (1 - -10).
-11
(-36 - -4) + (39 - 24)
-17
(-18 - 2) + (-50 - -78 - 45)
-37
(19 - (9 - (-3 + 8))) + -1
14
-10 + 14 - (-1 + 2) - (-15 - 2)
20
Evaluate 13 + 1 + -7 + -2 + -1.
4
Calculate 3 - (18 + -1 - ((8 - 13) + 3)).
-16
Evaluate (-14 - -7) + 2 + -3 + 6.
-2
What is the value of -2 - ((2 - 0) + 12 - (-121 - -129))?
-8
Calculate 14 - 11 - 18 - 6.
-21
What is the value of 6 - (-3 + -4 + 22 + 2 + 0)?
-11
(-15 + 10 - 7) + 17
5
5 - (-10 - (-6 - -2)) - 2 - 27
-18
Evaluate -1 + 11 + -19 - 0.
-9
What is (1 - -8) + -16 - -8 - (1 + -6)?
6
(-56 - (-8 + -3)) + 14 + (0 - -1)
-30
What is the value of 4 - (-31 - (18 + -50))?
3
Evaluate 0 - 15 - (11 - (-2 + 21)).
-7
Calculate 78 - 66 - ((0 - -2) + 4).
6
What is the value of (19 - (-26 + 57)) + 26?
14
Calculate 16 + -15 + (-18 - -33 - 2).
14
Evaluate 6 + (-2 + -2 - 4 - 3) - -9.
4
What is (-21 - 1) + -27 + 60?
11
What is the value of -4 + (1 - 0) + (-3 - -7 - 1)?
0
Evaluate (-2 - 0) + (-1 - (7 + 1 - 7)).
-4
Evaluate -13 + 10 + 3 + -15 + (-4 - 2).
-21
What is the value of 8 + (-1 - (1 + -4)) + -111 + 106?
5
What is -2 + 22 - (18 - (-44 - -46))?
4
Evaluate 23 + -4 - (-1 + -9 - -21).
8
What is the value of -4 + 0 + (-19 - 3 - -18)?
-8
What is -4 + -2 + 4 + 4 + 15 + -13?
4
Evaluate -6 + -10 + 8 + 7 + 6.
5
Calculate -7 - 0 - (-14 - -24) - -6.
-11
What is -8 - ((-2 + -7 - 1) + 12)?
-10
What is (2 - 23) + -9 + 17?
-13
What is the value of -37 - (-1 - (-24 + 65))?
5
What is 18 + (-34 - (-9 - 14))?
7
(-12 - 1 - -8) + 2
-3
Evaluate (-16 - -30) + -16 + (2 - 9).
-9
-3 + 34 - (146 - 124)
9
What is the value of (17 + -26 - 12) + 21?
0
Evaluate (15 - (15 - -9)) + (-7 - -28).
12
Evaluate -7 + 34 + 13 + -19.
21
Calculate (1 + -3 - -9) + 25 + -21.
11
(19 - ((1 - -12) + -10)) + -8
8
What is the value of (-5 - (4 - (10 + 3))) + -11?
-7
-6 + 0 + (3 - -10 - 3)
4
Evaluate 6 + -8 + (4 - 1) + 1.
2
What is 1 + -23 + (5 - -3)?
-14
What is -8 + 6 + -4 + (4 - 7) + -1?
-10
What is 11 - (-1 - 4 - -15)?
1
What is -21 + (31 - 21) + 12?
1
What is the value of (28 + -26 - (-3 + 18)) + 3?
-10
Evaluate -113 - -103 - (-2 + -22 + 2).
12
2 + -8 + ((-7 - -3) + 0 - -12)
2
What is the value of (0 - 19) + 11 - (0 + -7)?
-1
Evaluate 2 + 4 + 8 + -8 + -8.
-2
Evaluate -2 - (-22 + (45 - 16)).
-9
What is -6 + (14 - 21) + 15?
2
Calculate (6 - 0) + (234 - 250) - (4 + 8).
-22
-13 + -25 + 14 - -45
21
Evaluate 5 - (97 + -91 + 1 + (-1 - 6)).
5
11 - (-4 + -1 - (-31 + 25))
10
Calculate (22 - 18) + 2 + -9 + -3 - -6.
0
Evaluate 8 + 0 + -9 + -27 + 37.
9
2 + (1 - (-3 + 5)) + -7
-6
Evaluate (0 - 2) + (0 + -20 - -13).
-9
What is the value of (15 - 5) + 3 - (7 - (2 - -5))?
13
What is 1 + 1 + (5 - (4 + 3 + 10))?
-10
-100 + 0 + 41 + 35
-24
Evaluate -14 + (9 - -7) + 0 + -5.
-3
What is -19 + (-13 - -4) + 26?
-2
-29 - (-1 + (1 - 39))
10
Calculate -5 + -9 + 4 + 19 + -2.
7
Evaluate 11 - (-1 + 11 + 4).
-3
Calculate 3 + -3 + 1 + -16 + 25.
10
-10 + (10 - 6 - -3)
-3
12 + 34 + -55 - -22
13
Calculate -6 + 9 + 4 + -3 + -12.
-8
What is the value of (1 - 0) + -6 + (-9 - (12 + -22))?
-4
Calculate -18 + (15 - 4) - -2.
-5
Calculate -8 + 4 - 1 - -15.
10
Calculate (-18 + 20 - (18 - 0)) + 3.
-13
(-1 + 0 + 6 - (-30 + 56)) + -9
-30
-5 + -33 - (-308 + 305)
-35
-4 + 1 + (12 + 24 - 33)
0
What is the value of 7 - (11 + 1 + -34) - (12 + -3)?
20
What is the value of -5 + -25 - (-180 - -170)?
-20
-1 + (20 - 28) - (-2 + 3)
-10
(-8 - -5) + 15 + -10
2
What is the value of 28 - (-7 - -60) - -36?
11
(0 - (0 + 2) - -23) + 247 + -247
21
Evaluate 39 - (20 - (-25 + 17)).
11
What is the value of 6 + 7 + -23 - -10 - (-17 - 2)?
19
-24 + 4 - -11 - (-2 - 0)
-7
Evaluate -9 + (-2 - -4) + (-12 - (-20 - -16)).
-15
What is 10 + 1 + (-13 - (-14 - -3))?
9
What is 0 - 10 - (-3 + (18 - 15) + 5)?
-15
What is the value of -19 + (17 - ((21 - (-11 + 21)) + -2))?
-11
40 - (-29 - -35) - 25
9
Calculate -15 - 5 - -9 - -12.
1
Calculate -4 + 11 + 1 + -17 + -3.
-12
Ev